{"id":879,"date":"2024-02-23T09:42:35","date_gmt":"2024-02-23T09:42:35","guid":{"rendered":"https:\/\/peterpanierer.at\/?page_id=879"},"modified":"2026-05-04T19:21:23","modified_gmt":"2026-05-04T19:21:23","slug":"althea-wp","status":"publish","type":"page","link":"https:\/\/peterpanierer.at\/","title":{"rendered":"Front Page"},"content":{"rendered":"<h1 style=\"padding-left: 80px; text-align: center;\">TERMINE<\/h1>\n<h4 style=\"text-align: center;\"><\/h4>\n<h4 style=\"text-align: center;\"><\/h4>\n<h4 style=\"text-align: center;\"><strong>\u00a0<\/strong><\/h4>\n<h4 style=\"text-align: center;\"><strong>09.05.26<\/strong> INTRO<br \/>\n<strong>Wien<\/strong>, Kabarett Niedermair, <a href=\"https:\/\/www.niedermair.at\/kuenstler\/peter-panierer\" target=\"_blank\" rel=\"noopener\">Tickets<\/a><br \/>\n&#8211;<\/h4>\n<h4 style=\"text-align: center;\"><strong>29.05.26<\/strong> &#8222;INTRO&#8220; (60 min \/ Best Of)<br \/>\n<strong>Wien<\/strong>, Lange Nacht der Kirchen, <a href=\"https:\/\/www.langenachtderkirchen.at\/termin\/stand-up-comedy-peter-panierer-intro-best-of\/\" target=\"_blank\" rel=\"noopener\">freie Spende<\/a><br \/>\n&#8211;<\/h4>\n<h4 style=\"text-align: center;\"><strong>19.06.26<\/strong> INTRO<br \/>\n<strong>Wien, <\/strong>Orpheum, <strong><a href=\"https:\/\/orpheum.at\/produkt\/peter-panierer-intro-19-06-2026\/\" target=\"_blank\" rel=\"noopener\">Tickets<\/a><br \/>\nDERNI\u00c8RE<br \/>\n<\/strong>&#8211;<\/h4>\n<h4 style=\"text-align: center;\"><strong>26.06.26<\/strong> Sommerspritzer 26<br \/>\ngeteilter Abend mit Dynamo M\u00fchlsch\u00fcttel (Live-Musik)<br \/>\n<strong>Wien,<\/strong> Heuriger Fuchs<br \/>\nReservierung: 06801316310 (freie Spende)<\/h4>\n<h4 style=\"text-align: center;\">&#8211;<\/h4>\n<h4 style=\"text-align: center;\"><strong>08.08.26<\/strong> INTRO (Best Of)<br \/>\n<strong>Wien, <\/strong>Schr\u00f6dingerplatz, <strong>Eintritt frei<br \/>\nKultursommer Wien<br \/>\n<\/strong>&#8211;<\/h4>\n<h4 style=\"text-align: center;\"><strong>17.09.26<\/strong><br \/>\n<strong>N\u00d6, <\/strong>Stadtsaal Gro\u00dfenzersdorf, <strong><a href=\"https:\/\/www.kubaimmarchfeld.at\/ku-ba-kabarettspektakel-stefan-haider-markus-hauptmann\/\" target=\"_blank\" rel=\"noopener\">Tickets<\/a><br \/>\n<\/strong>KU.BA Kabarett Spektakel &#8211; Das Lehrer Special<br \/>\n(Gastauftritt bei Stefan Haider und Markus Hauptmann)<br \/>\n&#8211;<\/h4>\n<h4 style=\"text-align: center;\"><strong>8.10.26<\/strong> STREUGUT<br \/>\n<strong>N\u00d6<\/strong>, KU.BA Marchfeld, <strong><a href=\"https:\/\/www.kubaimmarchfeld.at\/peter-panierer-streugut\/\" target=\"_blank\" rel=\"noopener\">Tickets<\/a><br \/>\n<span style=\"color: #ff0000;\">VORPREMIERE<br \/>\n<\/span><\/strong>&#8211;<\/h4>\n<h4 style=\"text-align: center;\"><strong>20.10.26 <\/strong>STREUGUT<br \/>\nWien, Kabarett Niedermair, <a href=\"https:\/\/www.niedermair.at\/buchen\/550\/20.10.2026\/1930\" target=\"_blank\" rel=\"noopener\">Tickets<\/a><br \/>\n<span style=\"color: #ff0000;\"><strong>PREMIERE<br \/>\n<\/strong><\/span>&#8211;<\/h4>\n<h4 style=\"text-align: center;\"><strong>14.11.26 <\/strong>Best Of Panierer (60min)<br \/>\nWien, CasaNova, <a href=\"https:\/\/casanova-vienna.at\/events\/casanova-saturday-night-mit-peter-panierer\/\" target=\"_blank\" rel=\"noopener\">Tickets<\/a><br \/>\nCasaNova Saturday Night<br \/>\n&#8211;<\/h4>\n<h4 style=\"text-align: center;\"><strong>28.11.26 <\/strong>STREUGUT<br \/>\nWien, Kabarett Niedermair, <a href=\"https:\/\/www.niedermair.at\/buchen\/550\/28.11.2026\/1930\" target=\"_blank\" rel=\"noopener\">Tickets<\/a><br \/>\n&#8211;<\/h4>\n<h4 style=\"text-align: center;\"><strong>20.12.26 <\/strong>STREUGUT<br \/>\nWien, Kabarett Niedermair, <a href=\"https:\/\/www.niedermair.at\/buchen\/550\/20.12.2026\/1930\" target=\"_blank\" rel=\"noopener\">Tickets<\/a><br \/>\n&#8211;<\/h4>\n<h4 style=\"text-align: center;\"><strong>28.12.26 <\/strong>STREUGUT<br \/>\nWien, Orpheum, Ticketlink folgt<\/h4>\n<h4 style=\"text-align: center;\"><strong>&#8212;<\/strong><\/h4>\n<h1 style=\"text-align: center;\"><strong>AKTUELLES PROGRAMM<\/strong><\/h1>\n<h4 style=\"text-align: center;\">Ich spiele aktuell mein erstes Soloprogramm &#8222;INTRO&#8220;, das im Dezember 2023 Premiere hatte.<\/h4>\n<h4 style=\"text-align: center;\">INTRO ist ein Programm ohne Untertitel. Schn\u00f6rkellos, gerade raus, ohne Blatt vorm Mund.<\/h4>\n<h4 style=\"text-align: center;\">Warum freut man sich \u00fcber rauchende Kinder? Wieso tritt einer zweimal aus der Kirche aus? Und weshalb nennt sich dieser jemand ausgerechnet Peter Panierer?<\/h4>\n<h4 style=\"text-align: center;\">Vielleicht aus den selben Gr\u00fcnden, aus denen er gerne mit kugelsicherer Weste unterrichtet, arbeitslose Eltern bevorzugt und nachhaltigem Ladendiebstahl etwas abgewinnen kann.<\/h4>\n<h4 style=\"text-align: center;\"><em>&#8212;<\/em><\/h4>\n<h4 style=\"text-align: center;\"><em>&#8222;Suderant aus Wien-Floridsdorf \u201epaniert\u201c die kabarettistische Konkurrenz&#8220;<br \/>\n(ORF Steiermark)<\/em><\/h4>\n<h4 style=\"text-align: center;\"><\/h4>\n<h4 style=\"text-align: center;\"><em>\u201c\u00dcberzeugt [&#8230;] mit feinem Spannungsbogen und hintergr\u00fcndigem Witz.\u201d<br \/>\n(Kronen Zeitung)\u00a0<\/em><\/h4>\n<h4 style=\"text-align: center;\"><\/h4>\n<h4 style=\"text-align: center;\"><em>\u201cDie verquirlte Situation Brennpunktthemen unserer Gesellschaft kunstvoll aus dem Anker zu heben, neu zusammenzusetzen, delikat zu servieren und damit die hohe Kunst sich \u00fcber die Problematik lustig zu machen ohne die Betroffenen zu verraten hat uns als Jury eingenommen.\u201d<br \/>\n(Finaljury Grazer Kleinkunstvogel)<\/em><\/h4>\n<h4 style=\"text-align: center;\"><\/h4>\n<h4 style=\"text-align: center;\"><em>\u201cPeter Panierer ist ein Tausendsassa. Ein extrovertierter Suderant aus Floridsdorf, dem man einfach gerne zuh\u00f6rt. Gehen Sie hin!\u201d<br \/>\n(Diana K\u00f6hle, Tagebuch Slam)<\/em><\/h4>\n<h4 style=\"text-align: center;\"><\/h4>\n<h4 style=\"text-align: center;\"><em>\u201cWer ist er, bitte?\u201d<br \/>\n(Influencer DAVE)<\/em><\/h4>\n<p style=\"text-align: center;\">\n","protected":false},"excerpt":{"rendered":"<p>TERMINE \u00a0 09.05.26 INTRO Wien, Kabarett Niedermair, Tickets &#8211; 29.05.26 &#8222;INTRO&#8220; (60 min \/ Best Of) Wien, Lange Nacht der Kirchen, freie Spende &#8211; 19.06.26 INTRO Wien, Orpheum, Tickets DERNI\u00c8RE &#8211; 26.06.26 Sommerspritzer 26 geteilter Abend mit Dynamo M\u00fchlsch\u00fcttel (Live-Musik) Wien, Heuriger Fuchs Reservierung: 06801316310 (freie Spende) &#8211; 08.08.26 INTRO (Best Of) Wien, Schr\u00f6dingerplatz, Eintritt [&hellip;]<\/p>\n","protected":false},"author":2,"featured_media":1805,"parent":0,"menu_order":0,"comment_status":"closed","ping_status":"closed","template":"page-templates\/homepage.php","meta":{"footnotes":""},"class_list":["post-879","page","type-page","status-publish","has-post-thumbnail","hentry"],"_links":{"self":[{"href":"https:\/\/peterpanierer.at\/index.php?rest_route=\/wp\/v2\/pages\/879","targetHints":{"allow":["GET"]}}],"collection":[{"href":"https:\/\/peterpanierer.at\/index.php?rest_route=\/wp\/v2\/pages"}],"about":[{"href":"https:\/\/peterpanierer.at\/index.php?rest_route=\/wp\/v2\/types\/page"}],"author":[{"embeddable":true,"href":"https:\/\/peterpanierer.at\/index.php?rest_route=\/wp\/v2\/users\/2"}],"replies":[{"embeddable":true,"href":"https:\/\/peterpanierer.at\/index.php?rest_route=%2Fwp%2Fv2%2Fcomments&post=879"}],"version-history":[{"count":142,"href":"https:\/\/peterpanierer.at\/index.php?rest_route=\/wp\/v2\/pages\/879\/revisions"}],"predecessor-version":[{"id":1989,"href":"https:\/\/peterpanierer.at\/index.php?rest_route=\/wp\/v2\/pages\/879\/revisions\/1989"}],"wp:featuredmedia":[{"embeddable":true,"href":"https:\/\/peterpanierer.at\/index.php?rest_route=\/wp\/v2\/media\/1805"}],"wp:attachment":[{"href":"https:\/\/peterpanierer.at\/index.php?rest_route=%2Fwp%2Fv2%2Fmedia&parent=879"}],"curies":[{"name":"wp","href":"https:\/\/api.w.org\/{rel}","templated":true}]}}